x(8). Let p be 0*(-2)/(-4)*-1. Suppose 484 = -p*f + 4*f. What is the greatest common divisor of j and f?
11
Let c = 34 - 17. Calculate the greatest common divisor of 34 and c.
17
Let g(k) = -16*k**3 + k**2 + k + 2. Let n be g(-2). Suppose -5*x = -3*x - n. What is the greatest common factor of x and 44?
22
Suppose -5*y + 0*y - 5*i + 70 = 0, 5*y + 3*i - 76 = 0. Let g = 159 + -23. What is the greatest common factor of y and g?
17
Suppose -11 - 7 = -2*u. Suppose 5*w + 2*g = 5*g + 40, -4*w - 3*g + 59 = 0. Let s = -2 + w. Calculate the greatest common factor of u and s.
9
Suppose -s = 6*y - y - 142, 2*y - 67 = 3*s. What is the greatest common divisor of 116 and y?
29
Let w be 2/(-3) + (-153)/(-27). Calculate the greatest common divisor of w and 35.
5
Suppose -4*w + 7 = 3. Let t(x) = -x**3 + 5*x**2 + 6*x + 8. Let i be t(6). What is the greatest common divisor of w and i?
1
Let v be (84/15 - 5) + (-27)/(-5). What is the highest common factor of v and 24?
6
Let d(n) = -n**3 + n**2 - n + 1. Let o be d(1). Let c(h) = -h**2 + 17. Let v be c(o). Calculate the highest common divisor of v and 34.
17
Suppose -74*i - 19 = -75*i. What is the greatest common divisor of 133 and i?
19
Let y be ((-4)/(-8))/(1/68). Calculate the highest common divisor of y and 17.
17
Suppose 87 = 5*o - 8. What is the greatest common divisor of o and 19?
19
Let r(i) = -i**3 - i**2 + 3*i. Suppose 0 = -d - d - 6. Let j be r(d). Suppose h + v = 9, h - 4*v = -6*v + j. What is the highest common divisor of 6 and h?
3
Suppose -8*q = -0*q - 680. Calculate the highest common factor of 17 and q.
17
Let j be (-170)/(-8) + (-1)/4. Let q be (-15)/(-35) + 876/14. What is the highest common factor of q and j?
21
Suppose -4*y = -16, -4*w = 2*y + 3*y - 32. Let t be 0*(0 + w)/3. Let l(o) = o + 6. Let c be l(t). Calculate the highest common factor of 48 and c.
6
Let m = 34 - 18. Let i = 0 + 2. Calculate the highest common divisor of m and i.
2
Suppose 14*b = 19*b - 135. Calculate the highest common divisor of 189 and b.
27
Let a = 3 + 8. Let r(f) = -44*f. Let n be r(-1). Suppose -2*i - n = -4*i. What is the highest common divisor of i and a?
11
Suppose -3*m + 63 + 309 = 0. Suppose -107 = -3*s + m. What is the greatest common factor of 11 and s?
11
Suppose 0 = 3*v, -3*r + v - 66 = -6*r. Suppose 0 = s - r - 2. Calculate the greatest common factor of s and 12.
12
Let g be (2 + 0 - 1)*2. Suppose -16 = -2*c - 4. Suppose -2*o + 2 = -c. Calculate the highest common divisor of o and g.
2
Suppose 2*t - 10 = 28. Suppose 0 = 5*u + 1097 - 147. Let p be u/4*48/(-30). What is the highest common divisor of t and p?
19
Let k be 1/(-2)*(-9 + 3). Suppose 0 = k*d - 5 - 13. What is the greatest common factor of d and 66?
6
Let i(d) = d**3 - d - 1. Let c be i(2). Suppose 205 = 2*y + 5*o, -11 = -c*o - 36. Calculate the greatest common divisor of 23 and y.
23
Let q be (1 + (-25)/2)/((-2)/12). What is the greatest common divisor of q and 46?
23
Let s be ((-24)/16)/(1/(-10)). What is the greatest common divisor of s and 60?
15
Suppose -25 = -3*s - z + 29, -2*s + 5*z + 19 = 0. Suppose 5*r + s - 82 = 0. Calculate the greatest common divisor of r and 13.
13
Let h be 6/(-8) + 1/(24/2298). What is the highest common divisor of h and 5?
5
Suppose 5*t = 2*t + 51. What is the greatest common divisor of t and 187?
17
Let o = -14 - -25. Suppose -s - 10 = -3*s. Let v be (6/s)/((-3)/(-220)). Calculate the greatest common divisor of o and v.
11
Suppose 2*w + d = -14 + 36, w + 4*d = 4. Let i = -11 + 15. Suppose m - i = 20. What is the greatest common factor of w and m?
12
Let g be (-3)/12 + 33/4. Calculate the greatest common factor of 1 and g.
1
Suppose 5*g + 4*a = a - 175, 4*g - 2*a = -140. Let x = -20 - g. What is the greatest common divisor of 6 and x?
3
Suppose -51*v + 47*v = -128. Calculate the highest common divisor of v and 48.
16
Let i = 290 + -202. What is the highest common divisor of i and 22?
22
Let x(v) = -2*v - 9. Let g be (-1 - 6)/(-5 - -6). Let c be x(g). Calculate the greatest common factor of 5 and c.
5
Let a(s) = -2*s + 1. Let j be a(1). Let m = 3 - j. Calculate the highest common divisor of 44 and m.
4
Let d = 12 + -6. What is the greatest common divisor of d and 36?
6
Suppose 0*f - 6*f = -54. What is the greatest common divisor of f and 3?
3
Suppose -i = -4 + 5. Let j be (4 + i)/(3/81). Calculate the highest common divisor of 9 and j.
9
Let y = 217 + -40. Let m = y + -97. Suppose -2*u + m = 3*u. What is the highest common factor of 144 and u?
16
Let x(i) = 2*i**3 + 8*i**2 - 4*i - 6. Let n be x(-4). Let z = -24 + 34. What is the greatest common divisor of n and z?
10
Suppose 2*w - 52 = -40. What is the greatest common factor of w and 3?
3
Let l(z) = z**3 - z**2 + 35. Let v be l(0). Let s(p) = -p**3 - 22*p**2 - 24*p - 49. Let x be s(-21). What is the highest common divisor of x and v?
7
Let n(g) = -g - 9. Suppose 3*i + 17 = -2*u, -14 - 27 = 5*i - 3*u. Let c be n(i). Let m be 108/11 + c/(-11). What is the highest common divisor of m and 80?
10
Let l(r) = -3*r**3 - 3*r**2 - r - 2. Let w(z) = z + 5. Let a be w(-8). Let f be l(a). What is the highest common divisor of f and 5?
5
Let m be (18/(-7))/((-1)/126). Suppose m = -3*w + 6*w. Calculate the greatest common divisor of w and 12.
12
Suppose -2*n = 4*z - 280, -4*z - 2*n = -2*z - 140. Suppose 546*r - 549*r + 84 = 0. Calculate the highest common divisor of r and z.
14
Let n = 1 + -1. Suppose 2*d - 92 = -n*d. Calculate the greatest common factor of 115 and d.
23
Let v(z) = -17*z**3 + z**2. Let k be v(2). Let j be ((-6)/4)/(9/k). Calculate the greatest common divisor of j and 55.
11
Let l(x) = 7*x - 1. Let z be l(-3). Let f = z + 54. Calculate the highest common factor of 80 and f.
16
Let x = 30 - 16. Calculate the greatest common divisor of 35 and x.
7
Suppose 5*z - 157 = -h - 0*h, 0 = h + 3. Suppose 40 = 5*u - 3*x, -z = -4*u + 6*x - x. Calculate the greatest common divisor of u and 8.
8
Let b = 476 - 328. Let l(c) = -9*c - 4. Let m be l(8). Let f = b + m. What is the greatest common factor of 9 and f?
9
Let u be 6/21 + 586/7. Calculate the greatest common divisor of u and 28.
28
Suppose -c - 3*l + 29 = 2*l, 2*l - 98 = -4*c. Suppose -d = 11 - 19. Calculate the highest common divisor of d and c.
8
Let c be (2 + (-1 - -2))*1. Let x(j) = -j - 2. Let g be x(-4). Let y be (-3 + 1)*(-33)/g. What is the highest common factor of y and c?
3
Let c(a) = -2*a - 5. Let f be c(-4). Suppose -l + 2 = -5*k + 15, -f*l = -6. What is the highest common factor of k and 15?
3
Let t = 8 - 17. Let w = 33 + t. Calculate the highest common divisor of 12 and w.
12
Suppose 0 = 3*x + x - 28. Let y(c) = -c**2 - 10*c - 10. Let s be y(-4). What is the greatest common divisor of x and s?
7
Let q(i) = 71*i**3 + 2*i**2 - 2*i + 1. Suppose -3 = -5*k + 2. Let f be q(k). Calculate the greatest common divisor of f and 9.
9
Suppose -2*s - u + 6*u + 4 = 0, 5*u - 20 = 5*s. Let f = 0 - s. What is the greatest common divisor of 8 and f?
8
Suppose t - 90 = -2*c, -c - 3*c = 0. Calculate the highest common factor of 36 and t.
18
Let c be 30*((-44)/(-12) + -3). Suppose 3*r - c = 10. Calculate the greatest common divisor of 10 and r.
10
Suppose -2 = 13*b - 14*b. Suppose 0 = 5*r - 4*r - b, -n + 86 = -r. Let a be -1*(1 - -1 - 13). Calculate the greatest common factor of n and a.
11
Let y be 2/(6/(-9)) + -1. Let w be ((-140)/25)/(y/10). What is the highest common factor of w and 2?
2
Suppose 3*q - 14 = -2. Suppose -q*k = -w + k + 24, -2*w + 4*k + 24 = 0. Calculate the greatest common factor of w and 4.
4
Let i = 21 + -9. What is the greatest common divisor of i and 24?
12
Let u = -67 - -210. Suppose 7*y - 52 = 3*y. Calculate the highest common divisor of u and y.
13
Let s(f) be the first derivative of -f**3/3 + 3*f**2 + 3*f - 10. Let m be s(6). What is the greatest common factor of 33 and m?
3
Let h(t) = -t**3 - 2*t**2 + 2*t + 1. Let d be h(-2). Let v = 4 - d. What is the highest common divisor of v and 35?
7
Suppose 0 = 3*r + 5*b - 7, 0*r - 3*r + 3*b + 15 = 0. Suppose -r*y = -y - 33. Suppose -3*n = -2*n + 5, n = m - y. What is the highest common factor of 12 and m?
6
Let o(b) = 3*b**3 - b**2 - b + 1. Let l be o(1). Calculate the greatest common divisor of l and 18.
2
Let g be (-3)/2*(-2 + -4). Calculate the highest commo